{"id":94,"date":"2018-04-09T07:51:11","date_gmt":"2018-04-09T07:51:11","guid":{"rendered":"http:\/\/farminggadgets.com\/?page_id=94"},"modified":"2019-02-20T12:13:10","modified_gmt":"2019-02-20T10:13:10","slug":"farm-butler","status":"publish","type":"page","link":"http:\/\/farminggadgets.com\/index.php\/farminggadgets\/farm-butler\/","title":{"rendered":"Farm Butler"},"content":{"rendered":"<h4>Hvad er Farm Butler?<\/h4>\n<div class='printomatic pom-default ' id='id1408'  data-print_target='article'><\/div>\n<p>Farm Butler er en intelligent \u00e5bne\/lukke enhed til h\u00f8nselemmen eller til andre dyr. Farm Butler\u00a0kan endvidere l\u00f8se andre forskellige\u00a0opgaver i forbindelse med eksempelvis h\u00f8nsehuset. F\u00f8r ibrugtagning af Farm Butler er det vigtigt, at dokumentationen her p\u00e5 siderne er l\u00e6st og forst\u00e5et. God forn\u00f8jelse!<\/p>\n<p><img loading=\"lazy\" class=\"alignright size-medium wp-image-548\" src=\"http:\/\/farminggadgets.com\/wp-content\/uploads\/2019\/02\/FarmButler_03-255x300.jpg\" alt=\"\" width=\"255\" height=\"300\" srcset=\"http:\/\/farminggadgets.com\/wp-content\/uploads\/2019\/02\/FarmButler_03-255x300.jpg 255w, http:\/\/farminggadgets.com\/wp-content\/uploads\/2019\/02\/FarmButler_03.jpg 681w\" sizes=\"(max-width: 255px) 100vw, 255px\" \/><\/p>\n<p><strong>Nogle af de opgaver som Farm Butler kan l\u00f8se:<\/strong><\/p>\n<ul>\n<li>\u00c5bne og lukke for en d\u00f8r\/lem, der er forbundet via en snor til den indbyggede motor.<\/li>\n<li>T\u00e6nde og slukke for lyset i eksempelvis h\u00f8nsehuset, s\u00e5 h\u00f8nsene sikres den optimale\u00a0m\u00e6ngde lys i forhold til, at optimere deres \u00e6gl\u00e6gning. (14 timer)<\/li>\n<li>T\u00e6nde og slukke for eksempelvis et varmelegme i drikkevandet, s\u00e5 det ikke fryser til is.<\/li>\n<\/ul>\n<p><strong>Farm Butler har indbygget nogle forskellige sensorer og styringsmugligheder:<\/strong><\/p>\n<ul>\n<li>Motor til at \u00e5bne og lukke for en lem \/ d\u00f8r.<\/li>\n<li>2\u00a0 rel\u00e6er, der kan styres p\u00e5 tid, temperatur eller lys uafh\u00e6ngigt af hinanden.<\/li>\n<li>Lyssensor, der kan m\u00e5le p\u00e5 det omgivende lys, der kan benyttes til at styre rel\u00e6erne.<\/li>\n<li>Temperatursensor, der m\u00e5ler p\u00e5 omgivende temperatur, der kan benyttes til, at styre rel\u00e6erne.<\/li>\n<\/ul>\n<p><strong>Derudover har Farm Butler ogs\u00e5 indbygget:<\/strong><\/p>\n<ul>\n<li>WiFi, der benyttes til ops\u00e6tning og afl\u00e6sning af enheden.<\/li>\n<li>Ur, s\u00e5 Farm Butler kan holde styr p\u00e5 tiden ogs\u00e5 selvom produktet skulle miste str\u00f8mmen i en periode.<\/li>\n<li>Lysdiode, til at indikere Farm Butlers tilstand.<\/li>\n<li>Tryktast i forbindelse med nulstilling af produktet.<\/li>\n<\/ul>\n<p><strong>Lidt mere om Farm Butler:<\/strong><\/p>\n<p>Farm Butler er tilsluttes lysnettet (90 &#8211; 240 VAC) og indstilles fra din smartphone, tablet eller PC, der kan forbindes via WiFi.\u00a0N\u00e5r Farm Butler er forbundet til dit tr\u00e5dl\u00f8se netv\u00e6rk i huset (WiFi),\u00a0 kan den tilg\u00e5s fra hele verden, men kun fra din egen sikre konto, der kan oprettes <a href=\"http:\/\/farminggadgets.com\/farmbutler\/login.php\" target=\"_blank\" rel=\"noopener\">her<\/a>.<\/p>\n<p>Nedenfor ses konfigurationssiden for Farm Butler. Her indstilles, hvilken skabelon Farm Butler skal benytte i forhold til automatik.<\/p>\n<p><img loading=\"lazy\" class=\"alignleft wp-image-535 size-full\" src=\"http:\/\/farminggadgets.com\/wp-content\/uploads\/2018\/08\/FarmButlerScreen01.jpg\" alt=\"\" width=\"800\" height=\"553\" srcset=\"http:\/\/farminggadgets.com\/wp-content\/uploads\/2018\/08\/FarmButlerScreen01.jpg 800w, http:\/\/farminggadgets.com\/wp-content\/uploads\/2018\/08\/FarmButlerScreen01-300x207.jpg 300w, http:\/\/farminggadgets.com\/wp-content\/uploads\/2018\/08\/FarmButlerScreen01-768x531.jpg 768w, http:\/\/farminggadgets.com\/wp-content\/uploads\/2018\/08\/FarmButlerScreen01-392x272.jpg 392w, http:\/\/farminggadgets.com\/wp-content\/uploads\/2018\/08\/FarmButlerScreen01-130x90.jpg 130w\" sizes=\"(max-width: 800px) 100vw, 800px\" \/><\/p>\n<p>Der er mulighed for, at se historisk data for Farm Butler, der b\u00e5de viser d\u00f8r, rel\u00e6er, temperatur og lysniveau.\u00a0\u00a0<img loading=\"lazy\" class=\"alignleft wp-image-566 size-full\" src=\"http:\/\/farminggadgets.com\/wp-content\/uploads\/2019\/02\/FarmButlerDataScreen01.png\" alt=\"\" width=\"847\" height=\"865\" srcset=\"http:\/\/farminggadgets.com\/wp-content\/uploads\/2019\/02\/FarmButlerDataScreen01.png 847w, http:\/\/farminggadgets.com\/wp-content\/uploads\/2019\/02\/FarmButlerDataScreen01-294x300.png 294w, http:\/\/farminggadgets.com\/wp-content\/uploads\/2019\/02\/FarmButlerDataScreen01-768x784.png 768w\" sizes=\"(max-width: 847px) 100vw, 847px\" \/><\/p>\n","protected":false},"excerpt":{"rendered":"<p>Hvad er Farm Butler? Farm Butler er en intelligent \u00e5bne\/lukke enhed til h\u00f8nselemmen eller til andre dyr. Farm Butler\u00a0kan endvidere<\/p>\n","protected":false},"author":1,"featured_media":0,"parent":84,"menu_order":0,"comment_status":"closed","ping_status":"closed","template":"","meta":[],"_links":{"self":[{"href":"http:\/\/farminggadgets.com\/index.php\/wp-json\/wp\/v2\/pages\/94"}],"collection":[{"href":"http:\/\/farminggadgets.com\/index.php\/wp-json\/wp\/v2\/pages"}],"about":[{"href":"http:\/\/farminggadgets.com\/index.php\/wp-json\/wp\/v2\/types\/page"}],"author":[{"embeddable":true,"href":"http:\/\/farminggadgets.com\/index.php\/wp-json\/wp\/v2\/users\/1"}],"replies":[{"embeddable":true,"href":"http:\/\/farminggadgets.com\/index.php\/wp-json\/wp\/v2\/comments?post=94"}],"version-history":[{"count":34,"href":"http:\/\/farminggadgets.com\/index.php\/wp-json\/wp\/v2\/pages\/94\/revisions"}],"predecessor-version":[{"id":572,"href":"http:\/\/farminggadgets.com\/index.php\/wp-json\/wp\/v2\/pages\/94\/revisions\/572"}],"up":[{"embeddable":true,"href":"http:\/\/farminggadgets.com\/index.php\/wp-json\/wp\/v2\/pages\/84"}],"wp:attachment":[{"href":"http:\/\/farminggadgets.com\/index.php\/wp-json\/wp\/v2\/media?parent=94"}],"curies":[{"name":"wp","href":"https:\/\/api.w.org\/{rel}","templated":true}]}}