{"id":140,"date":"2018-04-09T10:05:02","date_gmt":"2018-04-09T10:05:02","guid":{"rendered":"http:\/\/farminggadgets.com\/?page_id=140"},"modified":"2019-03-08T12:12:10","modified_gmt":"2019-03-08T10:12:10","slug":"installation","status":"publish","type":"page","link":"http:\/\/farminggadgets.com\/index.php\/farminggadgets\/farm-butler\/installation\/","title":{"rendered":"Montage"},"content":{"rendered":"<h4>1. Hvordan monteres Farm Butler?<img loading=\"lazy\" class=\" wp-image-429 alignright\" src=\"http:\/\/farminggadgets.com\/wp-content\/uploads\/2018\/08\/Box_with_door_v02-169x300.jpg\" alt=\"\" width=\"165\" height=\"293\" srcset=\"http:\/\/farminggadgets.com\/wp-content\/uploads\/2018\/08\/Box_with_door_v02-169x300.jpg 169w, http:\/\/farminggadgets.com\/wp-content\/uploads\/2018\/08\/Box_with_door_v02-768x1365.jpg 768w, http:\/\/farminggadgets.com\/wp-content\/uploads\/2018\/08\/Box_with_door_v02-576x1024.jpg 576w, http:\/\/farminggadgets.com\/wp-content\/uploads\/2018\/08\/Box_with_door_v02.jpg 1551w\" sizes=\"(max-width: 165px) 100vw, 165px\" \/><\/h4>\n<div class='printomatic pom-default ' id='id4190'  data-print_target='article'><\/div>\n<p>Farm Butler bliver leveret med:<\/p>\n<ul>\n<li>3m 230V kabel, som allerede er forbundet og klar til at tilslutte lysnettet<\/li>\n<li>2m snor, der er klar til at fastg\u00f8re til h\u00f8nselem eller d\u00f8r<\/li>\n<li>4 skruer til montage af Farm Butler p\u00e5 v\u00e6ggen<\/li>\n<li>2 Trisser til guide af snoren<\/li>\n<\/ul>\n<p>Endvidere er det vigtigt, at d\u00f8ren\/lemmen som Farm Butler skal \u00e5bne\/lukke, <strong>IKKE<\/strong> vejer mere end 1 kg.<\/p>\n<h4>2. Placering af FarmButler<\/h4>\n<p>Placeringen af Farm Butler er vigtigt i forhold til flere ting, s\u00e5som:<\/p>\n<ul>\n<li>at sidde i l\u00e6 af regn, sne og vand<\/li>\n<li>at Farm Butler bliver mindst p\u00e5virket ved reng\u00f8ring<\/li>\n<li>snorens l\u00e6ngde og placering i forhold til d\u00f8r\/lem<\/li>\n<li>at snoren er placeret p\u00e5 en m\u00e5de, s\u00e5 den k\u00f8rer frit samt undg\u00e5r snavs og vand<\/li>\n<\/ul>\n<p><strong>Indenfor:<\/strong><\/p>\n<p>Der er fordele ved, at have Farm Butler placeret indenfor i eksempelvis h\u00f8nsehuset, s\u00e5som:<\/p>\n<ul>\n<li>at den sidder i l\u00e6 for vind og vejr<\/li>\n<li>at der opn\u00e5s en l\u00e6ngere levetid p\u00e5 produktet<\/li>\n<\/ul>\n<p><strong>Udenfor:<\/strong><\/p>\n<p>Hvis Farm Butler \u00f8nsket monteret udenfor b\u00f8r den derfor monteres under et lille tag s\u00e5 den ikke bliver udsat for direkte regn, vand eller sne. Endvidere er det fornuftigt, at placere Farm Butler i skygge ift. den indbyggede lys-sensor samt temperatur-sensor.<\/p>\n<h4>3. Montage af Farm Butler<\/h4>\n<p>Ved montage af Farm Butler er det vigtigt, at der p\u00e5 dette tidspunkt er gjort overvejelser omkring, hvor lemmen\/d\u00f8ren er placeret i forhold til Farm Butlers placering. S\u00f8rg for, at:<\/p>\n<p><img loading=\"lazy\" class=\"alignright wp-image-383\" src=\"http:\/\/farminggadgets.com\/wp-content\/uploads\/2018\/07\/Box_Location_1-269x300.jpg\" alt=\"\" width=\"208\" height=\"232\" srcset=\"http:\/\/farminggadgets.com\/wp-content\/uploads\/2018\/07\/Box_Location_1-269x300.jpg 269w, http:\/\/farminggadgets.com\/wp-content\/uploads\/2018\/07\/Box_Location_1-768x856.jpg 768w, http:\/\/farminggadgets.com\/wp-content\/uploads\/2018\/07\/Box_Location_1-919x1024.jpg 919w, http:\/\/farminggadgets.com\/wp-content\/uploads\/2018\/07\/Box_Location_1.jpg 1855w\" sizes=\"(max-width: 208px) 100vw, 208px\" \/><\/p>\n<ol>\n<li>Farm Butler sidder i vatter<\/li>\n<li>afstanden til lemmen\/d\u00f8ren er inden for snorens l\u00e6ngde (ca. 2 meter).<\/li>\n<li>lemmen\/d\u00f8ren kan tr\u00e6kkes op uden at ramme ind i Farm Butler<\/li>\n<\/ol>\n<p>Farm Butler monteres med de 4 skruer, der medf\u00f8lger, som der ses p\u00e5 billedet nedefor.<\/p>\n<p><img loading=\"lazy\" class=\"size-medium wp-image-384 alignleft\" src=\"http:\/\/farminggadgets.com\/wp-content\/uploads\/2018\/07\/Box_Screws_1-300x226.jpg\" alt=\"\" width=\"300\" height=\"226\" srcset=\"http:\/\/farminggadgets.com\/wp-content\/uploads\/2018\/07\/Box_Screws_1-300x226.jpg 300w, http:\/\/farminggadgets.com\/wp-content\/uploads\/2018\/07\/Box_Screws_1-768x578.jpg 768w, http:\/\/farminggadgets.com\/wp-content\/uploads\/2018\/07\/Box_Screws_1-1024x771.jpg 1024w\" sizes=\"(max-width: 300px) 100vw, 300px\" \/><\/p>\n<h4 style=\"text-align: left;\">4. Montage af snor og trisser<\/h4>\n<h4><img loading=\"lazy\" class=\"size-medium wp-image-432 alignright\" src=\"http:\/\/farminggadgets.com\/wp-content\/uploads\/2018\/08\/Boks_snor_montage-300x225.jpg\" alt=\"\" width=\"300\" height=\"225\" srcset=\"http:\/\/farminggadgets.com\/wp-content\/uploads\/2018\/08\/Boks_snor_montage-300x225.jpg 300w, http:\/\/farminggadgets.com\/wp-content\/uploads\/2018\/08\/Boks_snor_montage-768x576.jpg 768w, http:\/\/farminggadgets.com\/wp-content\/uploads\/2018\/08\/Boks_snor_montage-1024x768.jpg 1024w\" sizes=\"(max-width: 300px) 100vw, 300px\" \/><\/h4>\n<p>Det er meget vigtigt, at snoren k\u00f8rer lige ud af boksen, da snoren ellers vil blive slidt over ved snorhullet i boksen.<\/p>\n<p>Endvidere er det vigtigt, at d\u00f8ren ikke har en v\u00e6gt p\u00e5 mere end 1 kg. Det anbefales, at benytte den tilegnet d\u00f8r\/lem, der kan finder p\u00e5 webshoppen.<\/p>\n<p>Snoren bindes fast med et par knuder til hullet i toppen af lemmen, som det se p\u00e5 billedet nedenfor.<\/p>\n<p><img loading=\"lazy\" class=\"alignnone size-medium wp-image-434\" src=\"http:\/\/farminggadgets.com\/wp-content\/uploads\/2018\/08\/Snor_lem-300x225.jpg\" alt=\"\" width=\"300\" height=\"225\" srcset=\"http:\/\/farminggadgets.com\/wp-content\/uploads\/2018\/08\/Snor_lem-300x225.jpg 300w, http:\/\/farminggadgets.com\/wp-content\/uploads\/2018\/08\/Snor_lem-768x576.jpg 768w, http:\/\/farminggadgets.com\/wp-content\/uploads\/2018\/08\/Snor_lem-1024x768.jpg 1024w\" sizes=\"(max-width: 300px) 100vw, 300px\" \/><\/p>\n<p><img loading=\"lazy\" class=\"size-medium wp-image-443 alignright\" src=\"http:\/\/farminggadgets.com\/wp-content\/uploads\/2018\/08\/trisser2-135x300.jpg\" alt=\"\" width=\"135\" height=\"300\" srcset=\"http:\/\/farminggadgets.com\/wp-content\/uploads\/2018\/08\/trisser2-135x300.jpg 135w, http:\/\/farminggadgets.com\/wp-content\/uploads\/2018\/08\/trisser2-462x1024.jpg 462w, http:\/\/farminggadgets.com\/wp-content\/uploads\/2018\/08\/trisser2.jpg 719w\" sizes=\"(max-width: 135px) 100vw, 135px\" \/><\/p>\n<p>Hvis snoren ikke har mulighed for, at k\u00f8rer lige ud af boksen, b\u00f8r der monteres trisser. P\u00e5 billedet nedefor ses, hvordan en montage med 2 trisser kan udf\u00f8res.<\/p>\n<h4 style=\"text-align: left;\">5. Elektrisk montage<\/h4>\n<p>Den elektriske af Farm Butler er beskrevet i afsnittet\u00a0<a href=\"http:\/\/farminggadgets.com\/index.php\/farminggadgets\/farm-butler\/installation-og-tilslutning\/\">Installation og tilslutning.<\/a><\/p>\n<h4 style=\"text-align: left;\">6. F\u00e6rdig montage af Farm Butler<\/h4>\n<p>P\u00e5 billedet nedenfor ses eksemplet p\u00e5 en f\u00e6rdigt monteret Farm Butler.<\/p>\n<p><img loading=\"lazy\" class=\"wp-image-429 alignleft\" src=\"http:\/\/farminggadgets.com\/wp-content\/uploads\/2018\/08\/Box_with_door_v02-169x300.jpg\" alt=\"\" width=\"165\" height=\"293\" srcset=\"http:\/\/farminggadgets.com\/wp-content\/uploads\/2018\/08\/Box_with_door_v02-169x300.jpg 169w, http:\/\/farminggadgets.com\/wp-content\/uploads\/2018\/08\/Box_with_door_v02-768x1365.jpg 768w, http:\/\/farminggadgets.com\/wp-content\/uploads\/2018\/08\/Box_with_door_v02-576x1024.jpg 576w, http:\/\/farminggadgets.com\/wp-content\/uploads\/2018\/08\/Box_with_door_v02.jpg 1551w\" sizes=\"(max-width: 165px) 100vw, 165px\" \/><\/p>\n<p>Herfra er der kun tilbage, at d\u00f8ren\/lemmen skal kalibreres, s\u00e5 den kan k\u00f8rer d\u00f8ren\/lemmen helt op og ned. Beskrivelse af kalibrering af d\u00f8ren\/lemmen findes i afsnittet Konfigurering og Kalibrering.<\/p>\n<p>Herfra \u00f8nskes Du god forn\u00f8jelse med din nye Farm Butler.<\/p>\n","protected":false},"excerpt":{"rendered":"<p>1. Hvordan monteres Farm Butler? Farm Butler bliver leveret med: 3m 230V kabel, som allerede er forbundet og klar til<\/p>\n","protected":false},"author":1,"featured_media":0,"parent":94,"menu_order":2,"comment_status":"closed","ping_status":"closed","template":"","meta":[],"_links":{"self":[{"href":"http:\/\/farminggadgets.com\/index.php\/wp-json\/wp\/v2\/pages\/140"}],"collection":[{"href":"http:\/\/farminggadgets.com\/index.php\/wp-json\/wp\/v2\/pages"}],"about":[{"href":"http:\/\/farminggadgets.com\/index.php\/wp-json\/wp\/v2\/types\/page"}],"author":[{"embeddable":true,"href":"http:\/\/farminggadgets.com\/index.php\/wp-json\/wp\/v2\/users\/1"}],"replies":[{"embeddable":true,"href":"http:\/\/farminggadgets.com\/index.php\/wp-json\/wp\/v2\/comments?post=140"}],"version-history":[{"count":48,"href":"http:\/\/farminggadgets.com\/index.php\/wp-json\/wp\/v2\/pages\/140\/revisions"}],"predecessor-version":[{"id":679,"href":"http:\/\/farminggadgets.com\/index.php\/wp-json\/wp\/v2\/pages\/140\/revisions\/679"}],"up":[{"embeddable":true,"href":"http:\/\/farminggadgets.com\/index.php\/wp-json\/wp\/v2\/pages\/94"}],"wp:attachment":[{"href":"http:\/\/farminggadgets.com\/index.php\/wp-json\/wp\/v2\/media?parent=140"}],"curies":[{"name":"wp","href":"https:\/\/api.w.org\/{rel}","templated":true}]}}